, what is -3 - 61053?
-61056
In base 16, what is -70ea - -20?
-70ca
In base 16, what is a + 45?
4f
In base 12, what is 19 - 153b?
-1522
In base 2, what is -101 + -10000011111110111?
-10000011111111100
In base 14, what is 3 + -1bab5?
-1bab2
In base 15, what is -1a + 376b9?
3769e
In base 7, what is -2612 - -665?
-1614
In base 16, what is 5 - -14cf05?
14cf0a
In base 7, what is 32103 - 342?
31431
In base 9, what is -460 + 187?
-262
In base 15, what is -4e + -2cd?
-32c
In base 15, what is 5cb + 308?
8d4
In base 2, what is 1101001101110 + 1101001?
1101011010111
In base 2, what is -1101 + 10001001?
1111100
In base 7, what is -133223 - -2?
-133221
In base 6, what is -51 - -2010435?
2010344
In base 6, what is -133144 + -30?
-133214
In base 6, what is -223 - -4514?
4251
In base 2, what is 101000000 + -101111010?
-111010
In base 13, what is -6 - a8b14?
-a8b1a
In base 2, what is -10001101101011 + 1000?
-10001101100011
In base 10, what is -7714 - -35?
-7679
In base 4, what is -1 + -120301?
-120302
In base 15, what is 5 + d4587?
d458c
In base 4, what is -300113 + -300?
-301013
In base 12, what is -7064 - -2?
-7062
In base 9, what is 34504 - -4?
34508
In base 4, what is -10223 + 1233103?
1222220
In base 3, what is 210021 + 2102?
212200
In base 6, what is -11034 - -134?
-10500
In base 3, what is -11122100010120 + -11?
-11122100010201
In base 16, what is -163 - -4?
-15f
In base 4, what is -30221 - -2001?
-22220
In base 2, what is 11001011110101 - 10?
11001011110011
In base 6, what is -1324 + -242?
-2010
In base 5, what is 1104213 + 101?
1104314
In base 9, what is 0 - 258507?
-258507
In base 13, what is 10 - -3a7a?
3a8a
In base 8, what is 74 - -2334?
2430
In base 5, what is -140022 + 10?
-140012
In base 13, what is 55 + 14b?
1a3
In base 4, what is -32 - -11010121?
11010023
In base 10, what is -1 + 58530?
58529
In base 8, what is 50536 - -6?
50544
In base 6, what is 1 + -43523?
-43522
In base 10, what is 5 - 68676?
-68671
In base 3, what is 2 - 100210202012?
-100210202010
In base 12, what is -7099 + -6?
-70a3
In base 7, what is -260211 - 2?
-260213
In base 13, what is 1 + -5cc1?
-5cc0
In base 13, what is -3 - 22046?
-22049
In base 9, what is 5645 - 322?
5323
In base 9, what is -2554 - -3?
-2551
In base 8, what is 47507 + -45?
47442
In base 8, what is 1010 + -422?
366
In base 5, what is -20340033 + -1?
-20340034
In base 6, what is -15 + -22524?
-22543
In base 11, what is 1535 - -1a?
1554
In base 12, what is -521b4 + -1a?
-52212
In base 14, what is -8a + -100c?
-1098
In base 10, what is -2815 - 33?
-2848
In base 11, what is -103421 - -2?
-10341a
In base 4, what is 2323101 + 3?
2323110
In base 5, what is 12410 - -1014?
13424
In base 7, what is -254240 + 12?
-254225
In base 13, what is -3b + 3137?
30c9
In base 13, what is 5 + -5349?
-5344
In base 15, what is de - -4a?
139
In base 10, what is -23 + -1608?
-1631
In base 8, what is -14551 - 24?
-14575
In base 16, what is -5b7f - b?
-5b8a
In base 6, what is -40 - 20324?
-20404
In base 9, what is -1818 + -53?
-1872
In base 5, what is 1423300 + 142?
1423442
In base 6, what is -3035022 - 1?
-3035023
In base 13, what is 20 - -411?
431
In base 6, what is -3 + 343001?
342554
In base 6, what is -2041 - -144?
-1453
In base 12, what is -2 - 6a83?
-6a85
In base 15, what is -2 - -171da?
171d8
In base 14, what is -32 - 746?
-778
In base 12, what is -167 + a8?
-7b
In base 15, what is -7 + -1a7ee?
-1a806
In base 4, what is -1132 - -12322033?
12320301
In base 5, what is -1012444 - 0?
-1012444
In base 9, what is -1 + -14288?
-14300
In base 5, what is 13 + 10034300?
10034313
In base 6, what is -2253 + -10414?
-13111
In base 11, what is -5032 - -3?
-502a
In base 8, what is 253524 + 0?
253524
In base 13, what is -8 + -34b?
-356
In base 15, what is -345b - -21?
-343a
In base 5, what is 2 - -11104?
11111
In base 8, what is 21 - 744?
-723
In base 2, what is 1110111 - -10101111111?
10111110110
In base 13, what is 213 + -1804?
-15c1
In base 13, what is -1067 - -33?
-1034
In base 2, what is 101 + -100111011110110011?
-100111011110101110
In base 11, what is -4 - -402?
3a9
In base 15, what is 1c3d3 + -9?
1c3c9
In base 4, what is -133330 + 3?
-133321
In base 13, what is -5102 + 4?
-50cb
In base 9, what is 0 + 14075?
14075
In base 3, what is 12 - -21202101222?
21202102011
In base 7, what is -320422 - -43?
-320346
In base 2, what is 1 + -1111011101011100000?
-1111011101011011111
In base 2, what is -1111011 - 11111111111?
-100001111010
In base 8, what is 4 - 157117?
-157113
In base 7, what is -336 + -316?
-655
In base 2, what is 1 + 11010?
11011
In base 7, what is 3 - 52156?
-52153
In base 6, what is 5 + -103314?
-103305
In base 2, what is 1110001111111110101 + 100?
1110001111111111001
In base 16, what is -4 - -6071?
606d
In base 10, what is 541410 - -4?
541414
In base 6, what is 3235 + 122?
3401
In base 2, what is 11 + 1110001010010000?
1110001010010011
In base 14, what is -82d77 + -5?
-82d7c
In base 7, what is -660513 - -4?
-660506
In base 11, what is 0 + 47017?
47017
In base 7, what is 1131 - -14440?
15601
In base 5, what is 211442 + 0?
211442
In base 15, what is 13e443 + 4?
13e447
In base 16, what is -51 - 18e?
-1df
In base 15, what is 8826 - -5?
882b
In base 7, what is -3 - 6562021?
-6562024
In base 13, what is 3ba6 + -2a7?
38cc
In base 14, what is -11 - 86ad?
-86c0
In base 6, what is -15 - -125024?
125005
In base 14, what is 1 - 6595?
-6594
In base 7, what is -11555301 - -1?
-11555300
In base 16, what is 2f8 + 166f?
1967
In base 4, what is 10012 - 2302?
1110
In base 15, what is -2 + -a9c6a?
-a9c6c
In base 5, what is 111 - 31142?
-31031
In base 9, what is -508473 - 1?
-508474
In base 13, what is -5a37 - -4?
-5a33
In base 2, what is -11111001010100 - -1?
-11111001010011
In base 4, what is -22202 - 3031?
-31233
In base 9, what is -10 - 270?
-280
In base 3, what is -20022 - -12111?
-211
In base 4, what is 230020302 + -10?
230020232
In base 7, what is 6233 + 41?
6304
In base 4, what is -3 - -2030013132?
2030013123
In base 16, what is -3 - -92b5?
92b2
In base 11, what is 113 - -88?
1a0
In base 10, what is 887712 + -3?
887709
In base 15, what is -1585b + 13?
-15848
In base 6, what is 141 + -331140?
-330555
In base 5, what is -43 - -10000201?
10000103
In base 9, what is -57758 + -55?
-57824
In base 15, what is -9c5 - 15a?
-b30
In base 9, what is -11206 - 1?
-11207
In base 11, what is 88a646 + 1?
88a647
In base 14, what is -33 - 479?
-4ac
In base 14, what is -47 - -2482?
2439
In base 3, what is 120 + 2012212002?
2012212122
In base 10, what is 39782 - -3?
39785
In base 16, what is -8 + c7c4a?
c7c42
In base 4, what is -3013 - 12032?
-21111
In base 16, what is -71 - -8c0?
84f
In base 12, what is -1 + 52549?
52548
In base 15, what is -23097 + -4?
-2309b
In base 2, what is 1 + 110111101100101001?
110111101100101010
In base 3, what is 212210 + -221200?
-1220
In base 14, what is -8043 + -2?
-8045
In base 7, what is -5 + -330204?
-330212
In base 4, what is 3322012322 - 11?
3322012311
In base 8, what is 5 - -15576?
15603
In base 2, what is -100011100 + -10011001011100?
-10011101111000
In base 6, what is 5450 + 11?
5501
In base 2, what is -10100100010 + -100?
-10100100110
In base 10, what is 4909 + -20?
4889
In base 7, what is -234013 - 10?
-234023
In base 16, what is c0 + e?
ce
In base 6, what is 420344 - 334?
420010
In base 15, what is 1 - -1b3db?
1b3dc
In base 6, what is -32 + -300304?
-300340
In base 5, what is -24042332 + -4?
-24042341
In base 11, what is 1305 - -85?
138a
In base 14, what is -cd1 + 129?
-ba6
In base 6, what is -14 + 1025321?
1025303
In base 6, what is 5 - -3254540?
3254545
In base 12, what is -a6 + a?
-98
In base 15, what is -b5 + -ce11?
-cec6
In base 15, what is 1240 + -a?
1235
In base 2, what is 100100101111111000101110 - -1?
100100101111111000101111
In base 15, what is -8ea - -c8?
-822
In base 8, what is 153 - 2640?
-2465
In base 2, what is -10111111110101 - -1?
-10111111110100
In base 6, what is -42451500 - 10?
-42451510
In base 9, what is -2 + -31532?
-31534
In base 16, what is 0 - bd1?
-bd1
In base 5, what is 133234133 - -2?
133234140
In base 16, what is 8 - 11526?
-1151e
In base 3, what is 10012010 - -1100?
10020110
In base 9, what is 23211 - 1?
23210
In base 6, what is 32512 + 1122?
34034
In base 4, what is -131 + -31211?
-32002